{"id":208,"date":"2022-12-13T23:28:53","date_gmt":"2022-12-14T05:28:53","guid":{"rendered":"https:\/\/culturebody.com.mx\/?page_id=208"},"modified":"2026-04-24T17:36:47","modified_gmt":"2026-04-24T23:36:47","slug":"reservar-clases","status":"publish","type":"page","link":"https:\/\/culturebody.com.mx\/zonareal\/reservar-clases\/","title":{"rendered":"Reservar Clases"},"content":{"rendered":"<p>[et_pb_section fb_built=\u00bb1&#8243; _builder_version=\u00bb4.20.0&#8243; _module_preset=\u00bb37056f58-534c-452d-ade7-8e3f29cfc5b4&#8243; custom_padding=\u00bb31px||0px|||\u00bb global_colors_info=\u00bb{}\u00bb][et_pb_row _builder_version=\u00bb4.27.4&#8243; _module_preset=\u00bbdefault\u00bb width=\u00bb82.4%\u00bb max_width=\u00bb1100px\u00bb custom_padding=\u00bb||0px|||\u00bb global_colors_info=\u00bb{}\u00bb][et_pb_column type=\u00bb4_4&#8243; _builder_version=\u00bb4.20.0&#8243; _module_preset=\u00bbdefault\u00bb global_colors_info=\u00bb{}\u00bb][et_pb_text _builder_version=\u00bb4.22.1&#8243; _module_preset=\u00bbf47c89f0-f553-44ec-8959-5f77430a69ca\u00bb header_font_size=\u00bb29px\u00bb header_2_font=\u00bbMontserrat|900|on||||||\u00bb header_2_font_size=\u00bb70px\u00bb custom_margin=\u00bb||53px||false|false\u00bb header_2_font_size_tablet=\u00bb56px\u00bb header_2_font_size_phone=\u00bb32px\u00bb header_2_font_size_last_edited=\u00bbon|desktop\u00bb locked=\u00bboff\u00bb global_colors_info=\u00bb{}\u00bb]<\/p>\n<h2><span style=\"color: #825a3c;\">Compra y Reserva tus clases<\/span><\/h2>\n<h1><span style=\"text-decoration: underline; color: #f58b75;\"><span><strong>&gt; Sucursal: Zona Real<\/strong><\/span><\/span><span style=\"color: #f58b75;\"><\/span><\/h1>\n<p><strong>* Por favor ten en cuenta que los paquetes y reservas de clases son exclusivos de cada sucursal.<\/strong><\/p>\n<p>[\/et_pb_text][\/et_pb_column][\/et_pb_row][\/et_pb_section][et_pb_section fb_built=\u00bb1&#8243; _builder_version=\u00bb4.20.0&#8243; _module_preset=\u00bb37056f58-534c-452d-ade7-8e3f29cfc5b4&#8243; background_color=\u00bb#fffaf6&#8243; use_background_color_gradient=\u00bboff\u00bb custom_padding=\u00bb0px|||||\u00bb global_colors_info=\u00bb{}\u00bb][et_pb_row _builder_version=\u00bb4.20.2&#8243; _module_preset=\u00bbdefault\u00bb global_colors_info=\u00bb{}\u00bb][et_pb_column type=\u00bb4_4&#8243; _builder_version=\u00bb4.20.2&#8243; _module_preset=\u00bbdefault\u00bb global_colors_info=\u00bb{}\u00bb][et_pb_divider show_divider=\u00bboff\u00bb _builder_version=\u00bb4.21.0&#8243; _module_preset=\u00bbdefault\u00bb min_height=\u00bb50px\u00bb custom_padding=\u00bb0px||0px|||\u00bb global_colors_info=\u00bb{}\u00bb][\/et_pb_divider][et_pb_code _builder_version=\u00bb4.21.0&#8243; _module_preset=\u00bbdefault\u00bb global_colors_info=\u00bb{}\u00bb]<\/p>\n<style><!-- [et_pb_line_break_holder] -->.am-select-employee-option {<!-- [et_pb_line_break_holder] -->    display: none;<!-- [et_pb_line_break_holder] -->}<!-- [et_pb_line_break_holder] --><\/style>\n<p>[\/et_pb_code][et_pb_divider show_divider=\u00bboff\u00bb _builder_version=\u00bb4.21.0&#8243; _module_preset=\u00bbdefault\u00bb min_height=\u00bb23.8px\u00bb custom_margin=\u00bb7px|||||\u00bb custom_padding=\u00bb||0px|||\u00bb global_colors_info=\u00bb{}\u00bb][\/et_pb_divider][et_pb_text _builder_version=\u00bb4.21.0&#8243; _module_preset=\u00bbdefault\u00bb custom_margin=\u00bb||56px|||\u00bb global_colors_info=\u00bb{}\u00bb]<\/p>\n<h1 style=\"text-align: center;\"><span style=\"color: #993300;\"><strong>NUESTROS PAQUETES<\/strong><\/span><\/h1>\n<p style=\"text-align: center;\"><span style=\"color: #993300;\"><strong>(Desplaza la forma hacia arriba para que los puedas ver todos)<\/strong><\/span><\/p>\n<p>[\/et_pb_text][divi_catalog_booking catalog=\u00bbcategory\u00bb categories=\u00bb7&#8243; booking_params=\u00bbon\u00bb locations=\u00bbSucursal Patria (id: 1)\u00bb type=\u00bbpackages\u00bb _builder_version=\u00bb4.21.0&#8243; _module_preset=\u00bbdefault\u00bb module_text_color=\u00bbgcid-8fc1d1c4-e004-480a-9801-25e20ace1659&#8243; box_shadow_style=\u00bbpreset1&#8243; global_colors_info=\u00bb{%22gcid-8fc1d1c4-e004-480a-9801-25e20ace1659%22:%91%22module_text_color%22%93}\u00bb][\/divi_catalog_booking][et_pb_divider show_divider=\u00bboff\u00bb _builder_version=\u00bb4.21.0&#8243; _module_preset=\u00bbdefault\u00bb custom_padding=\u00bb||59px|||\u00bb global_colors_info=\u00bb{}\u00bb][\/et_pb_divider][et_pb_text _builder_version=\u00bb4.27.4&#8243; _module_preset=\u00bbf47c89f0-f553-44ec-8959-5f77430a69ca\u00bb text_font_size=\u00bb16px\u00bb text_line_height=\u00bb1.8em\u00bb header_line_height=\u00bb2em\u00bb custom_margin=\u00bb||-33px||false|false\u00bb header_letter_spacing_last_edited=\u00bboff|desktop\u00bb global_colors_info=\u00bb{}\u00bb]<\/p>\n<p style=\"text-align: justify;\"><strong>* NOTAS:<\/strong><\/p>\n<p style=\"text-align: justify;\"><span style=\"text-decoration: underline;\"><\/span><\/p>\n<p style=\"text-align: justify;\"><span style=\"text-decoration: underline;\">Clase de Prueba (Trial):<\/span> Ofrecemos una clase de prueba por cliente para <strong>nuevos<\/strong> <strong>afiliados<\/strong>. S<span>e reintegra su costo al comprar alguno de nuestros paquetes Mini o Maxi <\/span><u>en nuestras instalaciones<\/u><span>. <\/span><span>Adem\u00e1s te ofrecemos un descuento adicional <\/span><span>(exclusivo en sucursal)\u00a0<\/span><span>si el d\u00eda de tu clase de prueba adquieres alguno de dichos paquetes.<\/span><\/p>\n<p><span><\/span><\/p>\n<p style=\"text-align: justify;\"><span style=\"color: #e02b20;\"><strong>* Importante:<\/strong><\/span><\/p>\n<p><span style=\"color: #e02b20;\"><strong><\/strong><\/span><\/p>\n<p style=\"text-align: justify;\"><span style=\"color: #339966;\"><strong>Compra y paga Online<\/strong><\/span><\/p>\n<p style=\"text-align: justify;\"><span>Compra en l\u00ednea pagando a trav\u00e9s de tu cuenta Stripe o tarjetas. De \u00e9sta forma podr\u00e1s efectuar tus reservas de tus paquetes en forma inmediata.<\/span><\/p>\n<p><span><\/span><\/p>\n<p style=\"text-align: justify;\"><span style=\"color: #339966;\"><strong>Compra y paga Offline<\/strong><\/span><\/p>\n<p style=\"text-align: justify;\"><span>1) Paga por Transferencia y\u00a0<\/span><span>env\u00edanos el comprobante de tu pago por correo a: <\/span><\/p>\n<p style=\"text-align: justify;\"><span>\u00a0 \u00a0 pagoszr@culturebody.com.mx o <\/span><span>por WhatsApp al celular: 33 1621 4436 para <\/span><span>dar de alta tu paquete.<\/span><\/p>\n<p style=\"text-align: justify;\"><span>2) Otras formas de Pago como pago en efectivo, directo en Sucursal. <\/span><span>Contando con tu pago nuestro equipo dar\u00e1 de alta tu paquete.<\/span><\/p>\n<p style=\"text-align: justify;\"><span>&#8211; Se te notificar\u00e1 por correo y al acceder a <a href=\"https:\/\/culturebody.com.mx\/zonareal\/mis-reservas\/\">Mis Reservas<\/a> podr\u00e1s empezar a agendar la clases correspondientes a tu nuevo paquete. <\/span><\/p>\n<p>&nbsp;<\/p>\n<p style=\"text-align: justify;\">[\/et_pb_text][et_pb_divider show_divider=\u00bboff\u00bb _builder_version=\u00bb4.20.2&#8243; _module_preset=\u00bbdefault\u00bb min_height=\u00bb46.8px\u00bb custom_padding=\u00bb||0px|||\u00bb global_colors_info=\u00bb{}\u00bb][\/et_pb_divider][et_pb_toggle title=\u00bbVer aqu\u00ed informaci\u00f3n sobre nuestras cuentas para pagos offline.\u00bb _builder_version=\u00bb4.21.0&#8243; _module_preset=\u00bbdefault\u00bb custom_margin=\u00bb||37px|||\u00bb custom_padding=\u00bb11px|||||\u00bb global_colors_info=\u00bb{}\u00bb]Nuestros datos para pago por dep\u00f3sito o transferencia:<\/p>\n<p>Nombre de la cuenta\u00a0 \u00a0 \u00a0 \u00a0 \u00a0 \u00a0 \u00a0 \u00a0 \u00a0 \u00a0 \u00a0 \u00a0 \u00a0 \u00a0 \u00a0 \u00a0N\u00famero de cuenta\u00a0 \u00a0 \u00a0    Nombre del banco<br \/>\nDANIELA ABITIA BERRUETA\u00a0 \u00a0 \u00a0 \u00a0 \u00a0 \u00a0 \u00a0 \u00a0014320605953324881\u00a0 \u00a0 \u00a0    CLABE BANCO SANTANDER, S.A.<br \/>\nDANIELA ABITIA BERRUETA\u00a0 \u00a0 \u00a0 \u00a0 \u00a0 \u00a0 \u00a0 \u00a0 \u00a0 \u00a0 \u00a0 \u00a0 \u00a0 \u00a0 60595332488\u00a0 \u00a0 \u00a0 \u00a0    CUENTA BANCO SANTANDER, S.A.<br \/>\nDANIELA ABITIA BERRUETA\u00a0 \u00a0 \u00a0 \u00a0 \u00a0 \u00a0 \u00a0 \u00a0 \u00a05579 0700 8162 9951\u00a0 \u00a0 \u00a0   TARJETA DEBITO SANTANDER<\/p>\n<p>Te pedimos enviarnos comprobante de tu pago por correo a: pagoszr@culturebody.com.mx o por WhatsApp al celular: 33 1621 4436[\/et_pb_toggle][et_pb_text _builder_version=\u00bb4.21.0&#8243; _module_preset=\u00bbdefault\u00bb custom_padding=\u00bb||1px|||\u00bb global_colors_info=\u00bb{}\u00bb]<\/p>\n<h4><span style=\"color: #0000ff;\"><a href=\"https:\/\/culturebody.com.mx\/zonareal\/contacto\/#FAQS\" title=\"Preguntas Frecuentes\" style=\"color: #0000ff;\">\u00a0 \u00a0 * Ver Preguntas Frecuentes<\/a><\/span><\/h4>\n<p>[\/et_pb_text][\/et_pb_column][\/et_pb_row][\/et_pb_section]<\/p>\n","protected":false},"excerpt":{"rendered":"<p>Compra y Reserva tus clases &gt; Sucursal: Zona Real * Por favor ten en cuenta que los paquetes y reservas de clases son exclusivos de cada sucursal.NUESTROS PAQUETES (Desplaza la forma hacia arriba para que los puedas ver todos)<div class=\"et_pb_module divi_catalog_booking divi_catalog_booking_0\">\n\t\t\t\t\n\t\t\t\t\n\t\t\t\t\n\t\t\t\t\n\t\t\t\t\n\t\t\t\t\n\t\t\t\t<div class=\"et_pb_module_inner\">\n\t\t\t\t\t\n<script>\n  if (typeof hasAmeliaEntitiesApiCall === 'undefined' && '' === '') {\n    var hasAmeliaEntitiesApiCall = true;\n  }\n  var ameliaShortcodeData = (typeof ameliaShortcodeData === 'undefined') ? [] : ameliaShortcodeData;\n  ameliaShortcodeData.push(\n    {\n      'hasApiCall': (typeof hasAmeliaEntitiesApiCall !== 'undefined') && hasAmeliaEntitiesApiCall,\n      'trigger': '',\n      'trigger_type': '',\n      'triggered_form': 'cbf',\n      'in_dialog': '',\n      'show': 'packages',\n      'counter': '1000',\n      'package': '',\n      'category': '7',\n      'service': '',\n      'employee': '',\n      'location': '1',\n      'categories_hidden': ''\n    }\n  );\n  var ameliaShortcodeDataTriggered = (typeof ameliaShortcodeDataTriggered === 'undefined') ? [] : ameliaShortcodeDataTriggered;\n  if (ameliaShortcodeData[ameliaShortcodeData.length - 1].trigger !== '') {\n    if (ameliaShortcodeDataTriggered.filter(a => a.counter === ameliaShortcodeData[ameliaShortcodeData.length - 1].counter).length === 0) {\n      ameliaShortcodeDataTriggered.push(ameliaShortcodeData.pop());\n    } else {\n      ameliaShortcodeData.pop()\n    }\n  }\n  if (typeof hasAmeliaEntitiesApiCall !== 'undefined' && hasAmeliaEntitiesApiCall) {\n    hasAmeliaEntitiesApiCall = false;\n  }\n<\/script>\n\n<div\n  id=\"amelia-v2-booking-1000\"\n  class=\"amelia-v2-booking\"\n>\n    <catalog-form-wrapper><\/catalog-form-wrapper><\/div>\n\n\t\t\t\t<\/div>\n\t\t\t<\/div>* NOTAS: Clase de [&hellip;]<\/p>\n","protected":false},"author":477,"featured_media":0,"parent":0,"menu_order":0,"comment_status":"closed","ping_status":"closed","template":"","meta":{"_et_pb_use_builder":"on","_et_pb_old_content":"","_et_gb_content_width":"","footnotes":""},"class_list":["post-208","page","type-page","status-publish","hentry"],"_links":{"self":[{"href":"https:\/\/culturebody.com.mx\/zonareal\/wp-json\/wp\/v2\/pages\/208","targetHints":{"allow":["GET"]}}],"collection":[{"href":"https:\/\/culturebody.com.mx\/zonareal\/wp-json\/wp\/v2\/pages"}],"about":[{"href":"https:\/\/culturebody.com.mx\/zonareal\/wp-json\/wp\/v2\/types\/page"}],"author":[{"embeddable":true,"href":"https:\/\/culturebody.com.mx\/zonareal\/wp-json\/wp\/v2\/users\/477"}],"replies":[{"embeddable":true,"href":"https:\/\/culturebody.com.mx\/zonareal\/wp-json\/wp\/v2\/comments?post=208"}],"version-history":[{"count":93,"href":"https:\/\/culturebody.com.mx\/zonareal\/wp-json\/wp\/v2\/pages\/208\/revisions"}],"predecessor-version":[{"id":987501986,"href":"https:\/\/culturebody.com.mx\/zonareal\/wp-json\/wp\/v2\/pages\/208\/revisions\/987501986"}],"wp:attachment":[{"href":"https:\/\/culturebody.com.mx\/zonareal\/wp-json\/wp\/v2\/media?parent=208"}],"curies":[{"name":"wp","href":"https:\/\/api.w.org\/{rel}","templated":true}]}}